 3, 2593
Suppose 0 = 2*b + 2*b - 2*h + 1686, -5*b - 4*h - 2088 = 0. List the prime factors of b/(-2 + 1) + (-68)/(-34).
2, 211
Suppose f - 21*f = -5420. Suppose -o + f + 310 = 0. What are the prime factors of o?
7, 83
Let i be (-86)/2*(-1950)/10. What are the prime factors of (2*4/(-20))/((-3)/i)?
2, 13, 43
Let k(o) = -2*o - 1. Let p(n) = -414*n + 24. Let f(z) = -9*k(z) - p(z). List the prime factors of f(1).
3, 139
List the prime factors of ((-361552)/590)/(4/(-110)).
2, 11, 383
Let p = -6079 - -8936. List the prime factors of p.
2857
Let y(b) = b**3 + 13*b**2 - 6*b - 18. Let a(x) = x**3 + 6*x**2 - 13*x - 5. Let r be a(-8). Let m = r - -16. What are the prime factors of y(m)?
2, 3, 5
Suppose -x = 2*j - 24 - 8, -j - 5*x = 2. Let c be 3*(-3)/j*-94. Let v = c + 148. What are the prime factors of v?
3, 5, 13
Let i(g) = -3*g - 179. Let s be i(-53). List the prime factors of 1/5 + (-7076)/s.
2, 3, 59
Let h(s) = -s**3 + 11*s**2 - 9*s + 2. Let j be h(11). Let d = -103 - j. What are the prime factors of d/(-3) + -2 + 243?
3
Let k(v) be the third derivative of v**7/252 - 11*v**6/360 + v**5/6 + 34*v**2. Let a(m) be the third derivative of k(m). List the prime factors of a(6).
2, 7
Suppose 0 = 2*b - 11*b - 36. What are the prime factors of b/6 + 2670/(-36)*-4?
2, 37
Suppose w + 3743 = a, -a + 1463 = 4*w - 2255. What are the prime factors of a?
2, 3, 7, 89
Let v(u) = 10*u**2 - 41*u - 30. Let t(h) = 12*h**2 - 42*h - 31. Let y(i) = 4*t(i) - 5*v(i). What are the prime factors of y(18)?
2, 11
Let f(t) = -34*t - 63. Let r be f(8). Let p = r + 827. What are the prime factors of p?
2, 3, 41
Let g = 19 - 19. Let q(v) = v**3 - 2*v**2 + 3*v - 4. Let n be q(g). List the prime factors of (-16991)/(-221) - n/34.
7, 11
Let k(n) = -27*n + 783. Let l(o) = -176*o + 5088. Let p(j) = -32*k(j) + 5*l(j). List the prime factors of p(-46).
2, 5, 7
List the prime factors of (74*(-284)/(-40))/(10/50).
37, 71
Suppose 3*g = -3*r + 53565, 0 = -5*r - 484*g + 489*g + 89225. What are the prime factors of r?
2, 3, 5, 7, 17
Let s(w) be the second derivative of w**5/20 + 25*w**4/12 + 15*w**3/2 - 39*w**2/2 - 94*w. List the prime factors of s(-22).
3, 47
Suppose -2*n + 4*k = -n - 2, -8 = -4*n + 4*k. Let j be (1 + 292/20)/(n/5). Suppose 2*z - j = 87. List the prime factors of z.
3, 7
Suppose o - 505 = 125. Suppose -o = -22*s + 21*s. What are the prime factors of s?
2, 3, 5, 7
Let p(o) = o**3 - o - 1. Let f(r) = -2*r**3 - 9*r**2 + 11*r - 1. Let m(d) = -f(d) - 3*p(d). Let c be 3/(-2)*(15/(-9) + -3). List the prime factors of m(c).
2, 23
Let h(x) = 5*x**2 - x + 1. Let f(p) = -21*p**2 + 4*p - 5. Let q(t) = 2*f(t) + 9*h(t). Let s be q(-1). Suppose 38 + 52 = s*u. What are the prime factors of u?
2, 3, 5
Let q = 198 + 74. What are the prime factors of q*(-66)/(-48)*4?
2, 11, 17
Suppose 3*p - 4*p + 12 = q, p - 2*q = 0. Suppose 0 = -3*h + v + 37, 4*h - p = 2*v + 40. Suppose 0 = -h*z + 2*z + 814. What are the prime factors of z?
2, 37
Let c be 190/(-40)*(-3 + -1). Suppose -c*l - 15 = -22*l. Suppose 7*i = l*i + 88. List the prime factors of i.
2, 11
List the prime factors of 132996/11 - 43/((-10879)/(-138)).
2, 3, 5, 13, 31
Let n(u) = -u - 28*u - 6*u + u**3 + 23 - 2*u - 16*u**2. Let a be n(18). Suppose -x + 4*x = a*g - 1431, g = 3*x + 291. List the prime factors of g.
3, 5, 19
Let c(l) be the first derivative of 4*l**2 + l + 16. What are the prime factors of c(23)?
5, 37
Suppose -4*g = y + 25 - 5, -4*y - 54 = 3*g. List the prime factors of (-6)/4 + 6*(-561)/y.
3, 31
Let i(j) = -4*j**3 - 21*j**2 - 65*j - 465. What are the prime factors of i(-16)?
3, 11, 13
Suppose 4300 = -3*u + 5*u. Let d = u - 1157. List the prime factors of d.
3, 331
Suppose 0 = -3*t + t - 0*t. Suppose 41*v + 7*v - 41520 = t. What are the prime factors of v?
5, 173
Let s = -32 - -26. Let v(a) = -107*a + 130. List the prime factors of v(s).
2, 193
Let u(z) = -z - 61. Let l be u(-15). Let y = l + 65. Suppose -3*s + 345 = -4*v - y, 8 = 4*v. What are the prime factors of s?
2, 31
Let r(u) = 5 + 12 + 5792*u**2 - u**3 - 5788*u**2 - 4*u. List the prime factors of r(-5).
2, 131
Let k(s) = 470*s + 598. What are the prime factors of k(67)?
2, 3, 7, 191
Let k(q) be the first derivative of 5*q**2 + 13*q - 19. Let b(x) = 5*x + 6. Let z(d) = -9*b(d) + 4*k(d). What are the prime factors of z(-10)?
2, 3
Suppose 19*r - 75 - 39 = 0. List the prime factors of (2 + 74/r)*114.
2, 19, 43
Let k(x) = 2*x**3 + 109*x**2 - 71*x - 49. List the prime factors of k(-48).
33311
Suppose -329 + 275 = -6*f. Suppose f*q - 12*q = -198. List the prime factors of q.
2, 3, 11
Let c be 3/4*12/(-3). List the prime factors of ((-2)/c)/((-28328)/4722 - -6).
787
Let i = -12 - -10. Let j(y) = 16*y**2 + 8*y - 9. Let c(p) = 5*p**2 + 3*p - 3. Let v(m) = -17*c(m) + 6*j(m). What are the prime factors of v(i)?
47
Let s(b) = -7*b + 36. Let o(n) = 3*n - 18. Let l(t) = -9*o(t) - 4*s(t). Let y be l(-3). Suppose y*u - 1770 = 1725. What are the prime factors of u?
233
Let u(r) = 286*r**2 + 10*r + 9. Let p(f) = -4*f + 55. Let h be p(14). List the prime factors of u(h).
3, 5, 19
Suppose -4*t + 5*h = -2*t - 447, 0 = 3*t - 4*h - 667. Let q = t - 33. Suppose -s + 2*s - q = 2*a, -s = 2*a - 188. List the prime factors of s.
2, 47
Suppose -154014 = -84*n - 9366. List the prime factors of n.
2, 3, 7, 41
Suppose -10*q = -15*q - 350. Let f(j) = j**2 - 26*j - 50. Let s be f(23). Let m = q - s. List the prime factors of m.
7
Suppose -2*j + 2*w + 8228 = 0, -2*j = 9*w - 38*w - 8039. List the prime factors of j.
13, 317
Let n(a) be the third derivative of a**5/60 + 11*a**4/24 - 2*a**3 - 2*a**2 + 37. List the prime factors of n(7).
2, 3, 19
What are the prime factors of (-3)/6*(6491/(-3))/(28/168)?
6491
Suppose 1027 = -9*v + 2638. Let o = v + -124. Suppose -o = -3*n - 2*n. What are the prime factors of n?
11
Suppose 446454 = -80*k + 3510294. What are the prime factors of k?
2, 3, 13, 491
Let b = 43 - 31. Suppose 0 = -0*h - b*h + h. Suppose h*v = -v + 19. What are the prime factors of v?
19
Let n(z) = z**3 + 3*z**2 - 5*z - 10. Let t be ((-48)/18)/(4/6). Let d be n(t). List the prime factors of (1 + -5)*d*20/6.
2, 5
Let v(k) = 315*k**2 + 8*k - 14. Let l be v(2). Let h be l/7 + 1 - 20/70. Suppose -5*g + 40 = 3*s - h, -5*g + 149 = 2*s. List the prime factors of s.
2, 3
Let a(d) = -d**3 + 8*d**2 - 26*d + 86. Let o be a(6). Suppose 27 = p - 5*u, 44 + 42 = 2*p - o*u. List the prime factors of p.
47
Suppose 7*a + 3 = 8*a. Suppose -3*u = -2*k + 23, 0 = -4*k - 3*u - a + 4. Let t = 49 - k. List the prime factors of t.
3, 5
Suppose -296 = -7*u + 6*u. Suppose 3*a - u - 3583 = 0. Suppose -6*l + 3 = -a. What are the prime factors of l?
2, 3
Suppose 4*d = -d + 5*t + 535, -t + 205 = 2*d. What are the prime factors of d?
2, 13
Let j(n) = 3*n**2 + 42*n + 3. Let m be j(-14). Suppose -4*d + 20 = 0, 3*s - 4642 = -m*d + d. List the prime factors of s.
2, 193
Let c be -173*((-9)/(-4))/((-2)/8). Suppose 9*s - c = -153. Let y = -48 + s. What are the prime factors of y?
2, 3
Let y(x) = 8*x + 10 + 4 + 11 + 5 + 14*x**2. What are the prime factors of y(5)?
2, 3, 5, 7
Let j(h) = 2 - 1 + 23 + 13 + 5*h - 11. Suppose 0 = 6*k - 4*k, -2*k - 10 = -2*g. List the prime factors of j(g).
3, 17
Let t be 72/(-10)*(-2)/(-6)*10. What are the prime factors of 2/((-20)/t*(-4)/(-295))?
3, 59
Let l = 315 + -311. Suppose 2*c - l*t - 794 - 536 = 0, 0 = 3*c + 4*t - 2015. List the prime factors of c.
3, 223
Let x be (-76)/(-18) - 9/(162/4). Suppose 21 + 5 = t - 3*g, -x*t + g = -60. Suppose 11*n + 222 = t*n. What are the prime factors of n?
2, 37
Suppose 2*u - 2712 = -6*u. Suppose 0*l + 3*l = -j + 197, 2*j = 5*l + u. What are the prime factors of j?
2, 7, 13
Let y = 4554 + 5955. List the prime factors of y.
3, 31, 113
Let i = 1251 - 706. Let r = 1187 - i. List the prime factors of r.
2, 3, 107
Suppose -5*m + 3124 = -3*a + 10862, a - 4642 = 3*m. What are the prime factors of (m/(-21))/((-32)/(-6) + -5)?
13, 17
Let f = 716 + 174. Let u = f - 59. What are the prime factors of u?
3, 277
Let i(w) be the second derivative of w**4/12 - 10*w**3/3 + 43*w**2/2 + w + 39. What are the prime factors of i(18)?
7
List the prime factors of (-1760)/(-176) - 1/(1/(-39124)).
2, 17, 1151
Let l(f) = 285*f**2 + 10*f - 8. Suppose 5*v - 2*w - 7 = 0, -3*w + 4*w = -1. List the prim